{"id":209,"date":"2014-12-10T09:58:55","date_gmt":"2014-12-10T09:58:55","guid":{"rendered":"https:\/\/test.vandmassage.dk\/?page_id=209"},"modified":"2014-12-10T09:58:55","modified_gmt":"2014-12-10T09:58:55","slug":"damernes-verden-feb-1999","status":"publish","type":"page","link":"https:\/\/test.vandmassage.dk\/?page_id=209","title":{"rendered":"Damernes Verden feb. 1999"},"content":{"rendered":"<p><strong>Bl\u00f8de muskler med masser af vand<br \/>\n    <\/strong><\/p>\n<p>Inde p\u00e5 Vesterbro i K\u00f8benhavn ligger en lille klinik hvor man kan<br \/>\n    f\u00e5 vandmassage, og du skulle give dig selv en time. Det er sk\u00f8nt.<\/p>\n<p>Du lader dig synke ned i 37 gr. varmt vand, og i de f\u00f8rste fire<br \/>\n    minutter fungerer karet som jacuzzi (boblebad). Derefter tager uddannet mass\u00f8r Idalina<br \/>\n    Buxbom fat. Med en trykluftsspule gennemg\u00e5r hun din krop fra top til t\u00e5 under vandet.<br \/>\n    Det er en utrolig dejlig fornemmelse, og der kommer virkelig gang i blodcirkulationen,<br \/>\n    mens str\u00e5len bearbejder alle muskler. Is\u00e6r den \u00f8mme og tr\u00e6tte computernakke er<br \/>\n    taknemmelig. Efter cirka en halv time er det op af det lune vand. Du f\u00e5r et h\u00e5ndkl\u00e6de<br \/>\n    at sv\u00f8be om dig, og nu forts\u00e6tter behandlingen p\u00e5 briksen:<\/p>\n<p>&#8211; Vandmassagen er faktisk god til at komme dybt og samtidig blidt<br \/>\n    ind i muskulaturen, men jeg f\u00f8lger altid op med en omgang kropsmassage. P\u00e5 den m\u00e5de kan<br \/>\n    jeg f\u00e5 fat i de sidste, m\u00e5ske endnu lidt sp\u00e6ndte muskler, siger Idalina Buxbom.<\/p>\n<p>Vandmassagen med den efterf\u00f8lgende kropsmassage er en sk\u00f8n m\u00e5de<br \/>\n    at fork\u00e6le sig selv p\u00e5. Din krop bliver bl\u00f8d og afslappet og alligevel fyldt med<br \/>\n    energi. Der bliver renset ud i hele systemet, og den kraftige vandmassage har en b\u00e5de<br \/>\n    slankende og opstrammende virkning. Og skulle du have en \u00f8m skulder eller en anden<br \/>\n    irritation, kan du opleve at smerterne forsvinder.<\/p>\n<p><font face=\"Arial\">En behandling varer cirka en time koster 450 kr. Watermass, 22 51 00 07.<br \/>\n    <br \/>\n    <em><strong>Vandmassage er sk\u00f8nt for&nbsp;b\u00e5de krop og<br \/>\n    sj\u00e6l. Og mass\u00f8r Idalina Buxbom sender dig op i den syvende himmel.<\/strong><\/em><\/p>\n","protected":false},"excerpt":{"rendered":"<p>Bl\u00f8de muskler med masser af vand Inde p\u00e5 Vesterbro i K\u00f8benhavn ligger en lille klinik hvor man kan f\u00e5 vandmassage, og du skulle give dig selv en time. Det er sk\u00f8nt. Du lader dig synke ned i 37 gr. varmt vand, og i de f\u00f8rste fire minutter fungerer karet som jacuzzi (boblebad). Derefter tager uddannet [&hellip;]<\/p>\n","protected":false},"author":2,"featured_media":0,"parent":97,"menu_order":0,"comment_status":"closed","ping_status":"open","template":"","meta":{"footnotes":""},"aioseo_notices":[],"_links":{"self":[{"href":"https:\/\/test.vandmassage.dk\/index.php?rest_route=\/wp\/v2\/pages\/209"}],"collection":[{"href":"https:\/\/test.vandmassage.dk\/index.php?rest_route=\/wp\/v2\/pages"}],"about":[{"href":"https:\/\/test.vandmassage.dk\/index.php?rest_route=\/wp\/v2\/types\/page"}],"author":[{"embeddable":true,"href":"https:\/\/test.vandmassage.dk\/index.php?rest_route=\/wp\/v2\/users\/2"}],"replies":[{"embeddable":true,"href":"https:\/\/test.vandmassage.dk\/index.php?rest_route=%2Fwp%2Fv2%2Fcomments&post=209"}],"version-history":[{"count":1,"href":"https:\/\/test.vandmassage.dk\/index.php?rest_route=\/wp\/v2\/pages\/209\/revisions"}],"predecessor-version":[{"id":210,"href":"https:\/\/test.vandmassage.dk\/index.php?rest_route=\/wp\/v2\/pages\/209\/revisions\/210"}],"up":[{"embeddable":true,"href":"https:\/\/test.vandmassage.dk\/index.php?rest_route=\/wp\/v2\/pages\/97"}],"wp:attachment":[{"href":"https:\/\/test.vandmassage.dk\/index.php?rest_route=%2Fwp%2Fv2%2Fmedia&parent=209"}],"curies":[{"name":"wp","href":"https:\/\/api.w.org\/{rel}","templated":true}]}}