{"id":227,"date":"2014-12-10T10:21:33","date_gmt":"2014-12-10T10:21:33","guid":{"rendered":"https:\/\/test.vandmassage.dk\/?page_id=227"},"modified":"2014-12-10T10:21:49","modified_gmt":"2014-12-10T10:21:49","slug":"alt-for-damerne-42000-en-time-i-drommeland","status":"publish","type":"page","link":"https:\/\/test.vandmassage.dk\/?page_id=227","title":{"rendered":"Alt for Damerne 4\/2000 &#8211; En time i dr\u00f8mmeland"},"content":{"rendered":"<p align=\"left\"><span style=\"font-family: Arial;\"><em><strong>Alt for Damerne 4\/2000:<\/strong><\/em><\/span><\/p>\n<p align=\"left\"><strong><span style=\"font-family: Arial; font-size: xx-large;\">En time i dr\u00f8mmeland<\/span><span style=\"font-family: Arial; font-size: x-large;\"><br \/>\n<\/span><span style=\"font-family: Arial; font-size: large;\">&#8211; Undervandsmassage<\/span><\/strong><\/p>\n<p align=\"left\"><span style=\"font-family: Arial;\"><strong>Hvad er undervandsmassage?<\/strong><\/span><\/p>\n<p align=\"left\"><span style=\"font-family: Arial;\">En blid, 5.000 \u00e5r gammel massage-form i og med vand.<\/span><\/p>\n<p align=\"left\"><span style=\"font-family: Arial;\"><strong>Hvad kan den bruges til?<\/strong><\/span><\/p>\n<p align=\"left\"><span style=\"font-family: Arial;\">Mod muskelinfiltrationer, til at forebygge og modvirke sportsskader og som ren selvfork\u00e6lelse.<\/span><\/p>\n<p align=\"left\"><span style=\"font-family: Arial;\"><strong>S\u00e5dan foreg\u00e5r behandlingen<\/strong><\/span><\/p>\n<p align=\"left\"><span style=\"font-family: Arial;\">En stor del af behandlingen foreg\u00e5r i et k\u00e6mpem\u00e6ssigt badekar &#8211; fyldt med 700 liter 38 grader varmt vand. Her ligger man i bl\u00f8d i fem minutter, blidt duvende, med nakken behageligt anbragt p\u00e5 en stofrem, mens jacuzzi-badet prikker p\u00e5 kroppen. N\u00e5r man er godt afslappet, spuler mass\u00f8ren &#8211; under vandet &#8211; hver eneste krops-centimeter med en vandslange med et ekstremt kraftigt tryk. If\u00f8lge exam. mass\u00f8r og undervandsmass\u00f8r Idalina Buxbom, der f\u00f8rte vandslangen betyder vandtrykket, at massagen g\u00e5r dybt ind i muskler, som ikke umiddelbart kan n\u00e5s med almindelige teknikker. Undervejs beder hun \u00e9n om at vende og dreje sig i bestemte positurer, s\u00e5 hun og str\u00e5len kan komme til. Behandlingen er smertefri, fordi den foretages med vand under vand &#8211; til trods for at man tydeligt gennem vandet kan se, hvor str\u00e5len &#8220;mejsler&#8221; sig ind i muskler og hud. Badet afsluttes med &#8220;en kold afvaskning&#8221; &#8211; en douche iskoldt vand p\u00e5 underben og underarme &#8211; kun nogle sekunder, og akkurat nok til at blodet ruller livligt.<\/span><\/p>\n<p align=\"left\"><span style=\"font-family: Arial;\">Anden del foreg\u00e5r p\u00e5 massagebriksen &#8211; med blid meditationsmusik og stearinlys som eneste &#8220;forstyrrende elementer&#8221; &#8211; ud over naturligvis mass\u00f8rens h\u00e6nder p\u00e5 ens meget varme, bl\u00f8d krop, der blidt, men bestemt bliver &#8220;\u00e6ltet&#8221; igennem. Til sidst slapper man af alene, d\u00e6kket godt til, og kommer roligt tilbage til virkeligheden.<\/span><\/p>\n<p align=\"left\"><span style=\"font-family: Arial;\"><strong>S\u00e5 lang tid varer det<\/strong><\/span><\/p>\n<p align=\"left\"><span style=\"font-family: Arial;\">1 time, fordelt med ca. 25 min. i badekarret og 35 min. p\u00e5 briksen<\/span><\/p>\n<p align=\"left\"><span style=\"font-family: Arial;\"><strong>Det koster behandlingen<\/strong><\/span><\/p>\n<p align=\"left\"><span style=\"font-family: Arial;\">400 kr. Rabat ved flere behandlinger<\/span><\/p>\n<p align=\"left\"><span style=\"font-family: Arial;\"><strong>Blev mine forventninger indfriet?<\/strong><\/span><\/p>\n<p align=\"left\"><span style=\"font-family: Arial;\">At komme en frostkold morgen med is i f\u00f8dder og h\u00e6nder og lade sit korpus glide ned i det varme vand &#8211; d\u00e9t var rent velv\u00e6re, og det var hvad jeg forventede. Jeg havde ingen s\u00e6rlige skavanker, som mass\u00f8ren skulle koncentrere sig om, hvilket ogs\u00e5 gjorde, at selve massagen f\u00f8ltes blid og meget afslappende. Ud over at min hud virkede l\u00e6kker og bl\u00f8d efter behandlingen, f\u00f8lte jeg mig ogs\u00e5 bagefter nogle centimeter l\u00e6ngere &#8211; i alle led, s\u00e5 <em>noget<\/em> r\u00f8g der vist ud med badevandet&#8230;<\/span><\/p>\n<p align=\"left\"><span style=\"font-family: Arial;\"><strong>Her kan du f\u00e5 undervandsmassage<\/strong><\/span><\/p>\n<p align=\"left\"><span style=\"font-family: Arial;\">Water-mass, Vesterbro Torv 53, 1620 Kbh. V. 33 24 28 27<\/span><\/p>\n<p align=\"left\"><span style=\"font-family: Arial;\"><strong>Andre adresser<\/strong><\/span><\/p>\n<p align=\"left\"><span style=\"font-family: Arial;\">Undervandsmassage f\u00e5s kun hos Water-mass i K\u00f8benhavn &#8211; som eneste sted i hele Norden.<\/span><\/p>\n","protected":false},"excerpt":{"rendered":"<p>Alt for Damerne 4\/2000: En time i dr\u00f8mmeland &#8211; Undervandsmassage Hvad er undervandsmassage? En blid, 5.000 \u00e5r gammel massage-form i og med vand. Hvad kan den bruges til? Mod muskelinfiltrationer, til at forebygge og modvirke sportsskader og som ren selvfork\u00e6lelse. S\u00e5dan foreg\u00e5r behandlingen En stor del af behandlingen foreg\u00e5r i et k\u00e6mpem\u00e6ssigt badekar &#8211; fyldt [&hellip;]<\/p>\n","protected":false},"author":2,"featured_media":0,"parent":97,"menu_order":0,"comment_status":"closed","ping_status":"open","template":"","meta":{"footnotes":""},"aioseo_notices":[],"_links":{"self":[{"href":"https:\/\/test.vandmassage.dk\/index.php?rest_route=\/wp\/v2\/pages\/227"}],"collection":[{"href":"https:\/\/test.vandmassage.dk\/index.php?rest_route=\/wp\/v2\/pages"}],"about":[{"href":"https:\/\/test.vandmassage.dk\/index.php?rest_route=\/wp\/v2\/types\/page"}],"author":[{"embeddable":true,"href":"https:\/\/test.vandmassage.dk\/index.php?rest_route=\/wp\/v2\/users\/2"}],"replies":[{"embeddable":true,"href":"https:\/\/test.vandmassage.dk\/index.php?rest_route=%2Fwp%2Fv2%2Fcomments&post=227"}],"version-history":[{"count":1,"href":"https:\/\/test.vandmassage.dk\/index.php?rest_route=\/wp\/v2\/pages\/227\/revisions"}],"predecessor-version":[{"id":228,"href":"https:\/\/test.vandmassage.dk\/index.php?rest_route=\/wp\/v2\/pages\/227\/revisions\/228"}],"up":[{"embeddable":true,"href":"https:\/\/test.vandmassage.dk\/index.php?rest_route=\/wp\/v2\/pages\/97"}],"wp:attachment":[{"href":"https:\/\/test.vandmassage.dk\/index.php?rest_route=%2Fwp%2Fv2%2Fmedia&parent=227"}],"curies":[{"name":"wp","href":"https:\/\/api.w.org\/{rel}","templated":true}]}}