{"id":414,"date":"2021-05-13T13:29:02","date_gmt":"2021-05-13T12:29:02","guid":{"rendered":"https:\/\/test.vandmassage.dk\/?page_id=414"},"modified":"2021-05-29T14:34:35","modified_gmt":"2021-05-29T13:34:35","slug":"bambus-massage","status":"publish","type":"page","link":"https:\/\/test.vandmassage.dk\/?page_id=414","title":{"rendered":"Bambus Massage"},"content":{"rendered":"\n<p><strong>Bambus massage <\/strong><\/p>\n\n\n\n<p>Water Wass er fornyeligt blevet udannet i en ny massageteknik kaldet bambus massage.<br>Behandlingen udf\u00f8res med hule opvarmede organiske bambusr\u00f8r. Bambusstavene spreder varmen i kroppens hud og muskelv\u00e6v og sp\u00e6ndinger frigives. Bambusstavene rulles over musklerne og er med til at give en mere dybdeg\u00e5ende massage.<\/p>\n\n\n\n<p><\/p>\n\n\n\n<figure class=\"wp-block-gallery columns-0 is-cropped wp-block-gallery-1 is-layout-flex wp-block-gallery-is-layout-flex\"><ul class=\"blocks-gallery-grid\"><\/ul><\/figure>\n\n\n\n<figure class=\"wp-block-gallery columns-2 is-cropped wp-block-gallery-2 is-layout-flex wp-block-gallery-is-layout-flex\"><ul class=\"blocks-gallery-grid\"><li class=\"blocks-gallery-item\"><figure><a href=\"https:\/\/test.vandmassage.dk\/wp-content\/uploads\/2021\/05\/DSC00562.jpg\"><img loading=\"lazy\" decoding=\"async\" width=\"685\" height=\"1024\" src=\"https:\/\/test.vandmassage.dk\/wp-content\/uploads\/2021\/05\/DSC00562-685x1024.jpg\" alt=\"\" data-id=\"438\" data-full-url=\"https:\/\/test.vandmassage.dk\/wp-content\/uploads\/2021\/05\/DSC00562.jpg\" data-link=\"https:\/\/test.vandmassage.dk\/?attachment_id=438\" class=\"wp-image-438\" srcset=\"https:\/\/test.vandmassage.dk\/wp-content\/uploads\/2021\/05\/DSC00562-685x1024.jpg 685w, https:\/\/test.vandmassage.dk\/wp-content\/uploads\/2021\/05\/DSC00562-201x300.jpg 201w, https:\/\/test.vandmassage.dk\/wp-content\/uploads\/2021\/05\/DSC00562-768x1149.jpg 768w, https:\/\/test.vandmassage.dk\/wp-content\/uploads\/2021\/05\/DSC00562-1027x1536.jpg 1027w, https:\/\/test.vandmassage.dk\/wp-content\/uploads\/2021\/05\/DSC00562.jpg 1059w\" sizes=\"(max-width: 685px) 100vw, 685px\" \/><\/a><\/figure><\/li><li class=\"blocks-gallery-item\"><figure><a href=\"https:\/\/test.vandmassage.dk\/wp-content\/uploads\/2021\/05\/DSC00671.jpg\"><img loading=\"lazy\" decoding=\"async\" width=\"684\" height=\"1024\" src=\"https:\/\/test.vandmassage.dk\/wp-content\/uploads\/2021\/05\/DSC00671-684x1024.jpg\" alt=\"\" data-id=\"439\" data-full-url=\"https:\/\/test.vandmassage.dk\/wp-content\/uploads\/2021\/05\/DSC00671.jpg\" data-link=\"https:\/\/test.vandmassage.dk\/?attachment_id=439\" class=\"wp-image-439\" srcset=\"https:\/\/test.vandmassage.dk\/wp-content\/uploads\/2021\/05\/DSC00671-684x1024.jpg 684w, https:\/\/test.vandmassage.dk\/wp-content\/uploads\/2021\/05\/DSC00671-200x300.jpg 200w, https:\/\/test.vandmassage.dk\/wp-content\/uploads\/2021\/05\/DSC00671-768x1149.jpg 768w, https:\/\/test.vandmassage.dk\/wp-content\/uploads\/2021\/05\/DSC00671-1027x1536.jpg 1027w, https:\/\/test.vandmassage.dk\/wp-content\/uploads\/2021\/05\/DSC00671.jpg 1080w\" sizes=\"(max-width: 684px) 100vw, 684px\" \/><\/a><\/figure><\/li><\/ul><\/figure>\n","protected":false},"excerpt":{"rendered":"<p>Bambus massage Water Wass er fornyeligt blevet udannet i en ny massageteknik kaldet bambus massage.Behandlingen udf\u00f8res med hule opvarmede organiske bambusr\u00f8r. Bambusstavene spreder varmen i kroppens hud og muskelv\u00e6v og sp\u00e6ndinger frigives. Bambusstavene rulles over musklerne og er med til at give en mere dybdeg\u00e5ende massage.<\/p>\n","protected":false},"author":2,"featured_media":0,"parent":54,"menu_order":0,"comment_status":"closed","ping_status":"closed","template":"","meta":{"footnotes":""},"aioseo_notices":[],"_links":{"self":[{"href":"https:\/\/test.vandmassage.dk\/index.php?rest_route=\/wp\/v2\/pages\/414"}],"collection":[{"href":"https:\/\/test.vandmassage.dk\/index.php?rest_route=\/wp\/v2\/pages"}],"about":[{"href":"https:\/\/test.vandmassage.dk\/index.php?rest_route=\/wp\/v2\/types\/page"}],"author":[{"embeddable":true,"href":"https:\/\/test.vandmassage.dk\/index.php?rest_route=\/wp\/v2\/users\/2"}],"replies":[{"embeddable":true,"href":"https:\/\/test.vandmassage.dk\/index.php?rest_route=%2Fwp%2Fv2%2Fcomments&post=414"}],"version-history":[{"count":6,"href":"https:\/\/test.vandmassage.dk\/index.php?rest_route=\/wp\/v2\/pages\/414\/revisions"}],"predecessor-version":[{"id":442,"href":"https:\/\/test.vandmassage.dk\/index.php?rest_route=\/wp\/v2\/pages\/414\/revisions\/442"}],"up":[{"embeddable":true,"href":"https:\/\/test.vandmassage.dk\/index.php?rest_route=\/wp\/v2\/pages\/54"}],"wp:attachment":[{"href":"https:\/\/test.vandmassage.dk\/index.php?rest_route=%2Fwp%2Fv2%2Fmedia&parent=414"}],"curies":[{"name":"wp","href":"https:\/\/api.w.org\/{rel}","templated":true}]}}